{"id":309,"date":"2026-03-28T13:48:03","date_gmt":"2026-03-28T13:48:03","guid":{"rendered":"https:\/\/shopthoitrang.azdigi.shop\/?post_type=product&#038;p=309"},"modified":"2026-03-28T14:45:13","modified_gmt":"2026-03-28T14:45:13","slug":"vay-cup-nguc-balletcore-xep-tang","status":"publish","type":"product","link":"https:\/\/shopthoitrang.azdigi.shop\/index.php\/product\/vay-cup-nguc-balletcore-xep-tang\/","title":{"rendered":"V\u00e1y C\u00fap Ng\u1ef1c Balletcore X\u1ebfp T\u1ea7ng"},"content":{"rendered":"<p dir=\"ltr\"><b>V\u00e1y C\u00fap Ng\u1ef1c Balletcore X\u1ebfp T\u1ea7ng<\/b> l\u00e0 s\u1ef1 k\u1ebft h\u1ee3p ho\u00e0n m\u1ef9 gi\u1eefa n\u00e9t quy\u1ebfn r\u0169 hi\u1ec7n \u0111\u1ea1i v\u00e0 v\u1ebb \u0111\u1eb9p bay b\u1ed5ng c\u1ee7a nh\u1eefng n\u00e0ng v\u0169 c\u00f4ng ballet. V\u1edbi t\u00f4ng m\u00e0u v\u00e0ng b\u01a1 (butter yellow) ng\u1ecdt ng\u00e0o, thi\u1ebft k\u1ebf g\u00e2y \u1ea5n t\u01b0\u1ee3ng b\u1edfi ph\u1ea7n th\u00e2n \u00f4m s\u00e1t \u0111\u00ednh hoa tinh x\u1ea3o v\u00e0 t\u00f9ng v\u00e1y voan x\u1ebfp l\u1edbp b\u1ed3ng b\u1ec1nh. Chi ti\u1ebft tr\u1ec5 vai c\u00f9ng tay d\u00e0i thanh l\u1ecbch kh\u00f4ng ch\u1ec9 t\u00f4n vinh b\u1edd vai tr\u1ea7n m\u00e0 c\u00f2n t\u1ea1o n\u00ean phong th\u00e1i ti\u1ec3u th\u01b0 \u0111\u00e0i c\u00e1c. <b>V\u00e1y C\u00fap Ng\u1ef1c Balletcore X\u1ebfp T\u1ea7ng<\/b> ch\u00ednh l\u00e0 l\u1ef1a ch\u1ecdn gi\u00fap b\u1ea1n chi\u1ebfm tr\u1ecdn &#8220;spotlight&#8221; trong m\u1ecdi khung h\u00ecnh.<\/p>\n","protected":false},"excerpt":{"rendered":"<p>V\u00e1y C\u00fap Ng\u1ef1c Balletcore X\u1ebfp T\u1ea7ng l\u00e0 s\u1ef1 k\u1ebft h\u1ee3p ho\u00e0n m\u1ef9 gi\u1eefa n\u00e9t quy\u1ebfn r\u0169 hi\u1ec7n \u0111\u1ea1i v\u00e0 v\u1ebb \u0111\u1eb9p bay b\u1ed5ng c\u1ee7a nh\u1eefng n\u00e0ng v\u0169 c\u00f4ng ballet. V\u1edbi t\u00f4ng m\u00e0u v\u00e0ng b\u01a1 (butter yellow) ng\u1ecdt ng\u00e0o, thi\u1ebft k\u1ebf g\u00e2y \u1ea5n t\u01b0\u1ee3ng b\u1edfi ph\u1ea7n th\u00e2n \u00f4m s\u00e1t \u0111\u00ednh hoa tinh x\u1ea3o v\u00e0 t\u00f9ng v\u00e1y [&#8230;]\n","protected":false},"featured_media":310,"comment_status":"open","ping_status":"closed","template":"","meta":[],"product_brand":[],"product_cat":[16],"product_tag":[],"class_list":{"0":"post-309","1":"product","2":"type-product","3":"status-publish","4":"has-post-thumbnail","6":"product_cat-uncategorized","8":"first","9":"instock","10":"shipping-taxable","11":"purchasable","12":"product-type-variable"},"yoast_head":"<!-- This site is optimized with the Yoast SEO plugin v27.2 - https:\/\/yoast.com\/product\/yoast-seo-wordpress\/ -->\n<title>V\u00e1y C\u00fap Ng\u1ef1c Balletcore X\u1ebfp T\u1ea7ng - Celeste<\/title>\n<meta name=\"description\" content=\"V\u00e1y C\u00fap Ng\u1ef1c Balletcore X\u1ebfp T\u1ea7ng s\u1edf h\u1eefu s\u1eafc v\u00e0ng b\u01a1 d\u1ecbu ng\u1ecdt, phom d\u00e1ng tr\u1ec5 vai \u0111\u00ednh hoa c\u00f9ng t\u00f9ng voan b\u1ed3ng b\u1ec1nh, mang l\u1ea1i v\u1ebb ngo\u00e0i tr\u1ebb trung v\u00e0 ki\u00eau s\" \/>\n<meta name=\"robots\" content=\"index, follow, max-snippet:-1, max-image-preview:large, max-video-preview:-1\" \/>\n<link rel=\"canonical\" href=\"https:\/\/shopthoitrang.azdigi.shop\/index.php\/product\/vay-cup-nguc-balletcore-xep-tang\/\" \/>\n<meta property=\"og:locale\" content=\"en_US\" \/>\n<meta property=\"og:type\" content=\"article\" \/>\n<meta property=\"og:title\" content=\"V\u00e1y C\u00fap Ng\u1ef1c Balletcore X\u1ebfp T\u1ea7ng - Celeste\" \/>\n<meta property=\"og:description\" content=\"V\u00e1y C\u00fap Ng\u1ef1c Balletcore X\u1ebfp T\u1ea7ng s\u1edf h\u1eefu s\u1eafc v\u00e0ng b\u01a1 d\u1ecbu ng\u1ecdt, phom d\u00e1ng tr\u1ec5 vai \u0111\u00ednh hoa c\u00f9ng t\u00f9ng voan b\u1ed3ng b\u1ec1nh, mang l\u1ea1i v\u1ebb ngo\u00e0i tr\u1ebb trung v\u00e0 ki\u00eau s\" \/>\n<meta property=\"og:url\" content=\"https:\/\/shopthoitrang.azdigi.shop\/index.php\/product\/vay-cup-nguc-balletcore-xep-tang\/\" \/>\n<meta property=\"og:site_name\" content=\"Celeste\" \/>\n<meta property=\"article:modified_time\" content=\"2026-03-28T14:45:13+00:00\" \/>\n<meta property=\"og:image\" content=\"https:\/\/shopthoitrang.azdigi.shop\/wp-content\/uploads\/2026\/03\/z7667946160658_befb97d7b323b7a664588c7c7ac85706.jpg\" \/>\n\t<meta property=\"og:image:width\" content=\"736\" \/>\n\t<meta property=\"og:image:height\" content=\"628\" \/>\n\t<meta property=\"og:image:type\" content=\"image\/jpeg\" \/>\n<meta name=\"twitter:card\" content=\"summary_large_image\" \/>\n<meta name=\"twitter:label1\" content=\"Est. reading time\" \/>\n\t<meta name=\"twitter:data1\" content=\"1 minute\" \/>\n<script type=\"application\/ld+json\" class=\"yoast-schema-graph\">{\"@context\":\"https:\/\/schema.org\",\"@graph\":[{\"@type\":\"WebPage\",\"@id\":\"https:\/\/shopthoitrang.azdigi.shop\/index.php\/product\/vay-cup-nguc-balletcore-xep-tang\/\",\"url\":\"https:\/\/shopthoitrang.azdigi.shop\/index.php\/product\/vay-cup-nguc-balletcore-xep-tang\/\",\"name\":\"V\u00e1y C\u00fap Ng\u1ef1c Balletcore X\u1ebfp T\u1ea7ng - Celeste\",\"isPartOf\":{\"@id\":\"https:\/\/shopthoitrang.azdigi.shop\/#website\"},\"primaryImageOfPage\":{\"@id\":\"https:\/\/shopthoitrang.azdigi.shop\/index.php\/product\/vay-cup-nguc-balletcore-xep-tang\/#primaryimage\"},\"image\":{\"@id\":\"https:\/\/shopthoitrang.azdigi.shop\/index.php\/product\/vay-cup-nguc-balletcore-xep-tang\/#primaryimage\"},\"thumbnailUrl\":\"https:\/\/shopthoitrang.azdigi.shop\/wp-content\/uploads\/2026\/03\/z7667946160658_befb97d7b323b7a664588c7c7ac85706.jpg\",\"datePublished\":\"2026-03-28T13:48:03+00:00\",\"dateModified\":\"2026-03-28T14:45:13+00:00\",\"description\":\"V\u00e1y C\u00fap Ng\u1ef1c Balletcore X\u1ebfp T\u1ea7ng s\u1edf h\u1eefu s\u1eafc v\u00e0ng b\u01a1 d\u1ecbu ng\u1ecdt, phom d\u00e1ng tr\u1ec5 vai \u0111\u00ednh hoa c\u00f9ng t\u00f9ng voan b\u1ed3ng b\u1ec1nh, mang l\u1ea1i v\u1ebb ngo\u00e0i tr\u1ebb trung v\u00e0 ki\u00eau s\",\"breadcrumb\":{\"@id\":\"https:\/\/shopthoitrang.azdigi.shop\/index.php\/product\/vay-cup-nguc-balletcore-xep-tang\/#breadcrumb\"},\"inLanguage\":\"en-US\",\"potentialAction\":[{\"@type\":\"ReadAction\",\"target\":[\"https:\/\/shopthoitrang.azdigi.shop\/index.php\/product\/vay-cup-nguc-balletcore-xep-tang\/\"]}]},{\"@type\":\"ImageObject\",\"inLanguage\":\"en-US\",\"@id\":\"https:\/\/shopthoitrang.azdigi.shop\/index.php\/product\/vay-cup-nguc-balletcore-xep-tang\/#primaryimage\",\"url\":\"https:\/\/shopthoitrang.azdigi.shop\/wp-content\/uploads\/2026\/03\/z7667946160658_befb97d7b323b7a664588c7c7ac85706.jpg\",\"contentUrl\":\"https:\/\/shopthoitrang.azdigi.shop\/wp-content\/uploads\/2026\/03\/z7667946160658_befb97d7b323b7a664588c7c7ac85706.jpg\",\"width\":736,\"height\":628},{\"@type\":\"BreadcrumbList\",\"@id\":\"https:\/\/shopthoitrang.azdigi.shop\/index.php\/product\/vay-cup-nguc-balletcore-xep-tang\/#breadcrumb\",\"itemListElement\":[{\"@type\":\"ListItem\",\"position\":1,\"name\":\"Home\",\"item\":\"https:\/\/shopthoitrang.azdigi.shop\/\"},{\"@type\":\"ListItem\",\"position\":2,\"name\":\"Shop\",\"item\":\"https:\/\/shopthoitrang.azdigi.shop\/index.php\/shop\/\"},{\"@type\":\"ListItem\",\"position\":3,\"name\":\"V\u00e1y C\u00fap Ng\u1ef1c Balletcore X\u1ebfp T\u1ea7ng\"}]},{\"@type\":\"WebSite\",\"@id\":\"https:\/\/shopthoitrang.azdigi.shop\/#website\",\"url\":\"https:\/\/shopthoitrang.azdigi.shop\/\",\"name\":\"Celeste\",\"description\":\"Shop n\u00e0ng th\u01a1\",\"potentialAction\":[{\"@type\":\"SearchAction\",\"target\":{\"@type\":\"EntryPoint\",\"urlTemplate\":\"https:\/\/shopthoitrang.azdigi.shop\/?s={search_term_string}\"},\"query-input\":{\"@type\":\"PropertyValueSpecification\",\"valueRequired\":true,\"valueName\":\"search_term_string\"}}],\"inLanguage\":\"en-US\"}]}<\/script>\n<!-- \/ Yoast SEO plugin. -->","yoast_head_json":{"title":"V\u00e1y C\u00fap Ng\u1ef1c Balletcore X\u1ebfp T\u1ea7ng - Celeste","description":"V\u00e1y C\u00fap Ng\u1ef1c Balletcore X\u1ebfp T\u1ea7ng s\u1edf h\u1eefu s\u1eafc v\u00e0ng b\u01a1 d\u1ecbu ng\u1ecdt, phom d\u00e1ng tr\u1ec5 vai \u0111\u00ednh hoa c\u00f9ng t\u00f9ng voan b\u1ed3ng b\u1ec1nh, mang l\u1ea1i v\u1ebb ngo\u00e0i tr\u1ebb trung v\u00e0 ki\u00eau s","robots":{"index":"index","follow":"follow","max-snippet":"max-snippet:-1","max-image-preview":"max-image-preview:large","max-video-preview":"max-video-preview:-1"},"canonical":"https:\/\/shopthoitrang.azdigi.shop\/index.php\/product\/vay-cup-nguc-balletcore-xep-tang\/","og_locale":"en_US","og_type":"article","og_title":"V\u00e1y C\u00fap Ng\u1ef1c Balletcore X\u1ebfp T\u1ea7ng - Celeste","og_description":"V\u00e1y C\u00fap Ng\u1ef1c Balletcore X\u1ebfp T\u1ea7ng s\u1edf h\u1eefu s\u1eafc v\u00e0ng b\u01a1 d\u1ecbu ng\u1ecdt, phom d\u00e1ng tr\u1ec5 vai \u0111\u00ednh hoa c\u00f9ng t\u00f9ng voan b\u1ed3ng b\u1ec1nh, mang l\u1ea1i v\u1ebb ngo\u00e0i tr\u1ebb trung v\u00e0 ki\u00eau s","og_url":"https:\/\/shopthoitrang.azdigi.shop\/index.php\/product\/vay-cup-nguc-balletcore-xep-tang\/","og_site_name":"Celeste","article_modified_time":"2026-03-28T14:45:13+00:00","og_image":[{"width":736,"height":628,"url":"https:\/\/shopthoitrang.azdigi.shop\/wp-content\/uploads\/2026\/03\/z7667946160658_befb97d7b323b7a664588c7c7ac85706.jpg","type":"image\/jpeg"}],"twitter_card":"summary_large_image","twitter_misc":{"Est. reading time":"1 minute"},"schema":{"@context":"https:\/\/schema.org","@graph":[{"@type":"WebPage","@id":"https:\/\/shopthoitrang.azdigi.shop\/index.php\/product\/vay-cup-nguc-balletcore-xep-tang\/","url":"https:\/\/shopthoitrang.azdigi.shop\/index.php\/product\/vay-cup-nguc-balletcore-xep-tang\/","name":"V\u00e1y C\u00fap Ng\u1ef1c Balletcore X\u1ebfp T\u1ea7ng - Celeste","isPartOf":{"@id":"https:\/\/shopthoitrang.azdigi.shop\/#website"},"primaryImageOfPage":{"@id":"https:\/\/shopthoitrang.azdigi.shop\/index.php\/product\/vay-cup-nguc-balletcore-xep-tang\/#primaryimage"},"image":{"@id":"https:\/\/shopthoitrang.azdigi.shop\/index.php\/product\/vay-cup-nguc-balletcore-xep-tang\/#primaryimage"},"thumbnailUrl":"https:\/\/shopthoitrang.azdigi.shop\/wp-content\/uploads\/2026\/03\/z7667946160658_befb97d7b323b7a664588c7c7ac85706.jpg","datePublished":"2026-03-28T13:48:03+00:00","dateModified":"2026-03-28T14:45:13+00:00","description":"V\u00e1y C\u00fap Ng\u1ef1c Balletcore X\u1ebfp T\u1ea7ng s\u1edf h\u1eefu s\u1eafc v\u00e0ng b\u01a1 d\u1ecbu ng\u1ecdt, phom d\u00e1ng tr\u1ec5 vai \u0111\u00ednh hoa c\u00f9ng t\u00f9ng voan b\u1ed3ng b\u1ec1nh, mang l\u1ea1i v\u1ebb ngo\u00e0i tr\u1ebb trung v\u00e0 ki\u00eau s","breadcrumb":{"@id":"https:\/\/shopthoitrang.azdigi.shop\/index.php\/product\/vay-cup-nguc-balletcore-xep-tang\/#breadcrumb"},"inLanguage":"en-US","potentialAction":[{"@type":"ReadAction","target":["https:\/\/shopthoitrang.azdigi.shop\/index.php\/product\/vay-cup-nguc-balletcore-xep-tang\/"]}]},{"@type":"ImageObject","inLanguage":"en-US","@id":"https:\/\/shopthoitrang.azdigi.shop\/index.php\/product\/vay-cup-nguc-balletcore-xep-tang\/#primaryimage","url":"https:\/\/shopthoitrang.azdigi.shop\/wp-content\/uploads\/2026\/03\/z7667946160658_befb97d7b323b7a664588c7c7ac85706.jpg","contentUrl":"https:\/\/shopthoitrang.azdigi.shop\/wp-content\/uploads\/2026\/03\/z7667946160658_befb97d7b323b7a664588c7c7ac85706.jpg","width":736,"height":628},{"@type":"BreadcrumbList","@id":"https:\/\/shopthoitrang.azdigi.shop\/index.php\/product\/vay-cup-nguc-balletcore-xep-tang\/#breadcrumb","itemListElement":[{"@type":"ListItem","position":1,"name":"Home","item":"https:\/\/shopthoitrang.azdigi.shop\/"},{"@type":"ListItem","position":2,"name":"Shop","item":"https:\/\/shopthoitrang.azdigi.shop\/index.php\/shop\/"},{"@type":"ListItem","position":3,"name":"V\u00e1y C\u00fap Ng\u1ef1c Balletcore X\u1ebfp T\u1ea7ng"}]},{"@type":"WebSite","@id":"https:\/\/shopthoitrang.azdigi.shop\/#website","url":"https:\/\/shopthoitrang.azdigi.shop\/","name":"Celeste","description":"Shop n\u00e0ng th\u01a1","potentialAction":[{"@type":"SearchAction","target":{"@type":"EntryPoint","urlTemplate":"https:\/\/shopthoitrang.azdigi.shop\/?s={search_term_string}"},"query-input":{"@type":"PropertyValueSpecification","valueRequired":true,"valueName":"search_term_string"}}],"inLanguage":"en-US"}]}},"jetpack_sharing_enabled":true,"_links":{"self":[{"href":"https:\/\/shopthoitrang.azdigi.shop\/index.php\/wp-json\/wp\/v2\/product\/309","targetHints":{"allow":["GET"]}}],"collection":[{"href":"https:\/\/shopthoitrang.azdigi.shop\/index.php\/wp-json\/wp\/v2\/product"}],"about":[{"href":"https:\/\/shopthoitrang.azdigi.shop\/index.php\/wp-json\/wp\/v2\/types\/product"}],"replies":[{"embeddable":true,"href":"https:\/\/shopthoitrang.azdigi.shop\/index.php\/wp-json\/wp\/v2\/comments?post=309"}],"wp:featuredmedia":[{"embeddable":true,"href":"https:\/\/shopthoitrang.azdigi.shop\/index.php\/wp-json\/wp\/v2\/media\/310"}],"wp:attachment":[{"href":"https:\/\/shopthoitrang.azdigi.shop\/index.php\/wp-json\/wp\/v2\/media?parent=309"}],"wp:term":[{"taxonomy":"product_brand","embeddable":true,"href":"https:\/\/shopthoitrang.azdigi.shop\/index.php\/wp-json\/wp\/v2\/product_brand?post=309"},{"taxonomy":"product_cat","embeddable":true,"href":"https:\/\/shopthoitrang.azdigi.shop\/index.php\/wp-json\/wp\/v2\/product_cat?post=309"},{"taxonomy":"product_tag","embeddable":true,"href":"https:\/\/shopthoitrang.azdigi.shop\/index.php\/wp-json\/wp\/v2\/product_tag?post=309"}],"curies":[{"name":"wp","href":"https:\/\/api.w.org\/{rel}","templated":true}]}}