{"id":258,"date":"2026-03-28T11:18:29","date_gmt":"2026-03-28T11:18:29","guid":{"rendered":"https:\/\/shopthoitrang.azdigi.shop\/?post_type=product&#038;p=258"},"modified":"2026-03-28T23:56:16","modified_gmt":"2026-03-28T23:56:16","slug":"vay-xam-chiffon-xep-ly-nu-tinh","status":"publish","type":"product","link":"https:\/\/shopthoitrang.azdigi.shop\/index.php\/product\/vay-xam-chiffon-xep-ly-nu-tinh\/","title":{"rendered":"V\u00e1y X\u00e1m Chiffon X\u1ebfp Ly N\u1eef T\u00ednh"},"content":{"rendered":"<p><b data-path-to-node=\"2\" data-index-in-node=\"0\">V\u00e1y X\u00e1m Chiffon X\u1ebfp Ly N\u1eef T\u00ednh<\/b> l\u00e0 s\u1ef1 l\u1ef1a ch\u1ecdn ho\u00e0n h\u1ea3o cho nh\u1eefng c\u00f4 n\u00e0ng y\u00eau th\u00edch v\u1ebb \u0111\u1eb9p thanh l\u1ecbch nh\u01b0ng kh\u00f4ng k\u00e9m ph\u1ea7n tr\u1ebb trung v\u00e0 cu\u1ed1n h\u00fat. \u0110\u01b0\u1ee3c l\u00e0m t\u1eeb ch\u1ea5t li\u1ec7u chiffon m\u1ec1m m\u1ea1i, m\u1ecfng nh\u1eb9, chi\u1ebfc v\u00e1y mang \u0111\u1ebfn c\u1ea3m gi\u00e1c tho\u1ea3i m\u00e1i t\u1ed1i \u0111a khi m\u1eb7c, \u0111\u1ed3ng th\u1eddi t\u1ea1o n\u00ean \u0111\u1ed9 r\u1ee7 t\u1ef1 nhi\u00ean \u0111\u1ea7y m\u00ea ho\u1eb7c. \u0110i\u1ec3m nh\u1ea5n \u1ea5n t\u01b0\u1ee3ng c\u1ee7a thi\u1ebft k\u1ebf n\u00e0y ch\u00ednh l\u00e0 ph\u1ea7n ng\u1ef1c nh\u00fan b\u00e8o tinh t\u1ebf ph\u1ed1i c\u00f9ng d\u00e2y th\u1eaft eo xinh x\u1eafn, gi\u00fap t\u00f4n l\u00ean v\u00f2ng eo thon g\u1ecdn m\u1ed9t c\u00e1ch kh\u00e9o l\u00e9o. S\u1edf h\u1eefu gam m\u00e0u x\u00e1m trung t\u00ednh hi\u1ec7n \u0111\u1ea1i,\u00a0V\u00e1y X\u00e1m Chiffon X\u1ebfp Ly N\u1eef T\u00ednh d\u1ec5 d\u00e0ng k\u1ebft h\u1ee3p c\u00f9ng nhi\u1ec1u ph\u1ee5 ki\u1ec7n \u0111\u1ec3 t\u1ea1o n\u00ean nh\u1eefng set \u0111\u1ed3 th\u1eddi th\u01b0\u1ee3ng cho c\u00e1c bu\u1ed5i h\u1eb9n h\u00f2 hay d\u1ea1o ph\u1ed1.<\/p>\n","protected":false},"excerpt":{"rendered":"<p>V\u00e1y X\u00e1m Chiffon X\u1ebfp Ly N\u1eef T\u00ednh l\u00e0 s\u1ef1 l\u1ef1a ch\u1ecdn ho\u00e0n h\u1ea3o cho nh\u1eefng c\u00f4 n\u00e0ng y\u00eau th\u00edch v\u1ebb \u0111\u1eb9p thanh l\u1ecbch nh\u01b0ng kh\u00f4ng k\u00e9m ph\u1ea7n tr\u1ebb trung v\u00e0 cu\u1ed1n h\u00fat. \u0110\u01b0\u1ee3c l\u00e0m t\u1eeb ch\u1ea5t li\u1ec7u chiffon m\u1ec1m m\u1ea1i, m\u1ecfng nh\u1eb9, chi\u1ebfc v\u00e1y mang \u0111\u1ebfn c\u1ea3m gi\u00e1c tho\u1ea3i m\u00e1i t\u1ed1i \u0111a khi m\u1eb7c, \u0111\u1ed3ng [&#8230;]\n","protected":false},"featured_media":259,"comment_status":"open","ping_status":"closed","template":"","meta":[],"product_brand":[],"product_cat":[16],"product_tag":[],"class_list":{"0":"post-258","1":"product","2":"type-product","3":"status-publish","4":"has-post-thumbnail","6":"product_cat-uncategorized","8":"first","9":"instock","10":"shipping-taxable","11":"purchasable","12":"product-type-variable"},"yoast_head":"<!-- This site is optimized with the Yoast SEO plugin v27.2 - https:\/\/yoast.com\/product\/yoast-seo-wordpress\/ -->\n<title>V\u00e1y X\u00e1m Chiffon X\u1ebfp Ly N\u1eef T\u00ednh - Celeste<\/title>\n<meta name=\"description\" content=\"V\u00e1y X\u00e1m Chiffon X\u1ebfp Ly N\u1eef T\u00ednh s\u1edf h\u1eefu ch\u1ea5t li\u1ec7u chiffon m\u1ec1m m\u1ea1i k\u1ebft h\u1ee3p c\u00f9ng chi ti\u1ebft x\u1ebfp ly v\u00e0 nh\u00fan b\u00e8o, mang l\u1ea1i v\u1ebb ngo\u00e0i thanh l\u1ecbch, \u0111i\u1ec7u \u0111\u00e0.\" \/>\n<meta name=\"robots\" content=\"index, follow, max-snippet:-1, max-image-preview:large, max-video-preview:-1\" \/>\n<link rel=\"canonical\" href=\"https:\/\/shopthoitrang.azdigi.shop\/index.php\/product\/vay-xam-chiffon-xep-ly-nu-tinh\/\" \/>\n<meta property=\"og:locale\" content=\"en_US\" \/>\n<meta property=\"og:type\" content=\"article\" \/>\n<meta property=\"og:title\" content=\"V\u00e1y X\u00e1m Chiffon X\u1ebfp Ly N\u1eef T\u00ednh - Celeste\" \/>\n<meta property=\"og:description\" content=\"V\u00e1y X\u00e1m Chiffon X\u1ebfp Ly N\u1eef T\u00ednh s\u1edf h\u1eefu ch\u1ea5t li\u1ec7u chiffon m\u1ec1m m\u1ea1i k\u1ebft h\u1ee3p c\u00f9ng chi ti\u1ebft x\u1ebfp ly v\u00e0 nh\u00fan b\u00e8o, mang l\u1ea1i v\u1ebb ngo\u00e0i thanh l\u1ecbch, \u0111i\u1ec7u \u0111\u00e0.\" \/>\n<meta property=\"og:url\" content=\"https:\/\/shopthoitrang.azdigi.shop\/index.php\/product\/vay-xam-chiffon-xep-ly-nu-tinh\/\" \/>\n<meta property=\"og:site_name\" content=\"Celeste\" \/>\n<meta property=\"article:modified_time\" content=\"2026-03-28T23:56:16+00:00\" \/>\n<meta property=\"og:image\" content=\"https:\/\/shopthoitrang.azdigi.shop\/wp-content\/uploads\/2026\/03\/z7641994315766_046528499ff1e67f5a500576a88a1e3f-1.jpg\" \/>\n\t<meta property=\"og:image:width\" content=\"736\" \/>\n\t<meta property=\"og:image:height\" content=\"981\" \/>\n\t<meta property=\"og:image:type\" content=\"image\/jpeg\" \/>\n<meta name=\"twitter:card\" content=\"summary_large_image\" \/>\n<meta name=\"twitter:label1\" content=\"Est. reading time\" \/>\n\t<meta name=\"twitter:data1\" content=\"1 minute\" \/>\n<script type=\"application\/ld+json\" class=\"yoast-schema-graph\">{\"@context\":\"https:\/\/schema.org\",\"@graph\":[{\"@type\":\"WebPage\",\"@id\":\"https:\/\/shopthoitrang.azdigi.shop\/index.php\/product\/vay-xam-chiffon-xep-ly-nu-tinh\/\",\"url\":\"https:\/\/shopthoitrang.azdigi.shop\/index.php\/product\/vay-xam-chiffon-xep-ly-nu-tinh\/\",\"name\":\"V\u00e1y X\u00e1m Chiffon X\u1ebfp Ly N\u1eef T\u00ednh - Celeste\",\"isPartOf\":{\"@id\":\"https:\/\/shopthoitrang.azdigi.shop\/#website\"},\"primaryImageOfPage\":{\"@id\":\"https:\/\/shopthoitrang.azdigi.shop\/index.php\/product\/vay-xam-chiffon-xep-ly-nu-tinh\/#primaryimage\"},\"image\":{\"@id\":\"https:\/\/shopthoitrang.azdigi.shop\/index.php\/product\/vay-xam-chiffon-xep-ly-nu-tinh\/#primaryimage\"},\"thumbnailUrl\":\"https:\/\/shopthoitrang.azdigi.shop\/wp-content\/uploads\/2026\/03\/z7641994315766_046528499ff1e67f5a500576a88a1e3f-1.jpg\",\"datePublished\":\"2026-03-28T11:18:29+00:00\",\"dateModified\":\"2026-03-28T23:56:16+00:00\",\"description\":\"V\u00e1y X\u00e1m Chiffon X\u1ebfp Ly N\u1eef T\u00ednh s\u1edf h\u1eefu ch\u1ea5t li\u1ec7u chiffon m\u1ec1m m\u1ea1i k\u1ebft h\u1ee3p c\u00f9ng chi ti\u1ebft x\u1ebfp ly v\u00e0 nh\u00fan b\u00e8o, mang l\u1ea1i v\u1ebb ngo\u00e0i thanh l\u1ecbch, \u0111i\u1ec7u \u0111\u00e0.\",\"breadcrumb\":{\"@id\":\"https:\/\/shopthoitrang.azdigi.shop\/index.php\/product\/vay-xam-chiffon-xep-ly-nu-tinh\/#breadcrumb\"},\"inLanguage\":\"en-US\",\"potentialAction\":[{\"@type\":\"ReadAction\",\"target\":[\"https:\/\/shopthoitrang.azdigi.shop\/index.php\/product\/vay-xam-chiffon-xep-ly-nu-tinh\/\"]}]},{\"@type\":\"ImageObject\",\"inLanguage\":\"en-US\",\"@id\":\"https:\/\/shopthoitrang.azdigi.shop\/index.php\/product\/vay-xam-chiffon-xep-ly-nu-tinh\/#primaryimage\",\"url\":\"https:\/\/shopthoitrang.azdigi.shop\/wp-content\/uploads\/2026\/03\/z7641994315766_046528499ff1e67f5a500576a88a1e3f-1.jpg\",\"contentUrl\":\"https:\/\/shopthoitrang.azdigi.shop\/wp-content\/uploads\/2026\/03\/z7641994315766_046528499ff1e67f5a500576a88a1e3f-1.jpg\",\"width\":736,\"height\":981},{\"@type\":\"BreadcrumbList\",\"@id\":\"https:\/\/shopthoitrang.azdigi.shop\/index.php\/product\/vay-xam-chiffon-xep-ly-nu-tinh\/#breadcrumb\",\"itemListElement\":[{\"@type\":\"ListItem\",\"position\":1,\"name\":\"Home\",\"item\":\"https:\/\/shopthoitrang.azdigi.shop\/\"},{\"@type\":\"ListItem\",\"position\":2,\"name\":\"Shop\",\"item\":\"https:\/\/shopthoitrang.azdigi.shop\/index.php\/shop\/\"},{\"@type\":\"ListItem\",\"position\":3,\"name\":\"V\u00e1y X\u00e1m Chiffon X\u1ebfp Ly N\u1eef T\u00ednh\"}]},{\"@type\":\"WebSite\",\"@id\":\"https:\/\/shopthoitrang.azdigi.shop\/#website\",\"url\":\"https:\/\/shopthoitrang.azdigi.shop\/\",\"name\":\"Celeste\",\"description\":\"Shop n\u00e0ng th\u01a1\",\"potentialAction\":[{\"@type\":\"SearchAction\",\"target\":{\"@type\":\"EntryPoint\",\"urlTemplate\":\"https:\/\/shopthoitrang.azdigi.shop\/?s={search_term_string}\"},\"query-input\":{\"@type\":\"PropertyValueSpecification\",\"valueRequired\":true,\"valueName\":\"search_term_string\"}}],\"inLanguage\":\"en-US\"}]}<\/script>\n<!-- \/ Yoast SEO plugin. -->","yoast_head_json":{"title":"V\u00e1y X\u00e1m Chiffon X\u1ebfp Ly N\u1eef T\u00ednh - Celeste","description":"V\u00e1y X\u00e1m Chiffon X\u1ebfp Ly N\u1eef T\u00ednh s\u1edf h\u1eefu ch\u1ea5t li\u1ec7u chiffon m\u1ec1m m\u1ea1i k\u1ebft h\u1ee3p c\u00f9ng chi ti\u1ebft x\u1ebfp ly v\u00e0 nh\u00fan b\u00e8o, mang l\u1ea1i v\u1ebb ngo\u00e0i thanh l\u1ecbch, \u0111i\u1ec7u \u0111\u00e0.","robots":{"index":"index","follow":"follow","max-snippet":"max-snippet:-1","max-image-preview":"max-image-preview:large","max-video-preview":"max-video-preview:-1"},"canonical":"https:\/\/shopthoitrang.azdigi.shop\/index.php\/product\/vay-xam-chiffon-xep-ly-nu-tinh\/","og_locale":"en_US","og_type":"article","og_title":"V\u00e1y X\u00e1m Chiffon X\u1ebfp Ly N\u1eef T\u00ednh - Celeste","og_description":"V\u00e1y X\u00e1m Chiffon X\u1ebfp Ly N\u1eef T\u00ednh s\u1edf h\u1eefu ch\u1ea5t li\u1ec7u chiffon m\u1ec1m m\u1ea1i k\u1ebft h\u1ee3p c\u00f9ng chi ti\u1ebft x\u1ebfp ly v\u00e0 nh\u00fan b\u00e8o, mang l\u1ea1i v\u1ebb ngo\u00e0i thanh l\u1ecbch, \u0111i\u1ec7u \u0111\u00e0.","og_url":"https:\/\/shopthoitrang.azdigi.shop\/index.php\/product\/vay-xam-chiffon-xep-ly-nu-tinh\/","og_site_name":"Celeste","article_modified_time":"2026-03-28T23:56:16+00:00","og_image":[{"width":736,"height":981,"url":"https:\/\/shopthoitrang.azdigi.shop\/wp-content\/uploads\/2026\/03\/z7641994315766_046528499ff1e67f5a500576a88a1e3f-1.jpg","type":"image\/jpeg"}],"twitter_card":"summary_large_image","twitter_misc":{"Est. reading time":"1 minute"},"schema":{"@context":"https:\/\/schema.org","@graph":[{"@type":"WebPage","@id":"https:\/\/shopthoitrang.azdigi.shop\/index.php\/product\/vay-xam-chiffon-xep-ly-nu-tinh\/","url":"https:\/\/shopthoitrang.azdigi.shop\/index.php\/product\/vay-xam-chiffon-xep-ly-nu-tinh\/","name":"V\u00e1y X\u00e1m Chiffon X\u1ebfp Ly N\u1eef T\u00ednh - Celeste","isPartOf":{"@id":"https:\/\/shopthoitrang.azdigi.shop\/#website"},"primaryImageOfPage":{"@id":"https:\/\/shopthoitrang.azdigi.shop\/index.php\/product\/vay-xam-chiffon-xep-ly-nu-tinh\/#primaryimage"},"image":{"@id":"https:\/\/shopthoitrang.azdigi.shop\/index.php\/product\/vay-xam-chiffon-xep-ly-nu-tinh\/#primaryimage"},"thumbnailUrl":"https:\/\/shopthoitrang.azdigi.shop\/wp-content\/uploads\/2026\/03\/z7641994315766_046528499ff1e67f5a500576a88a1e3f-1.jpg","datePublished":"2026-03-28T11:18:29+00:00","dateModified":"2026-03-28T23:56:16+00:00","description":"V\u00e1y X\u00e1m Chiffon X\u1ebfp Ly N\u1eef T\u00ednh s\u1edf h\u1eefu ch\u1ea5t li\u1ec7u chiffon m\u1ec1m m\u1ea1i k\u1ebft h\u1ee3p c\u00f9ng chi ti\u1ebft x\u1ebfp ly v\u00e0 nh\u00fan b\u00e8o, mang l\u1ea1i v\u1ebb ngo\u00e0i thanh l\u1ecbch, \u0111i\u1ec7u \u0111\u00e0.","breadcrumb":{"@id":"https:\/\/shopthoitrang.azdigi.shop\/index.php\/product\/vay-xam-chiffon-xep-ly-nu-tinh\/#breadcrumb"},"inLanguage":"en-US","potentialAction":[{"@type":"ReadAction","target":["https:\/\/shopthoitrang.azdigi.shop\/index.php\/product\/vay-xam-chiffon-xep-ly-nu-tinh\/"]}]},{"@type":"ImageObject","inLanguage":"en-US","@id":"https:\/\/shopthoitrang.azdigi.shop\/index.php\/product\/vay-xam-chiffon-xep-ly-nu-tinh\/#primaryimage","url":"https:\/\/shopthoitrang.azdigi.shop\/wp-content\/uploads\/2026\/03\/z7641994315766_046528499ff1e67f5a500576a88a1e3f-1.jpg","contentUrl":"https:\/\/shopthoitrang.azdigi.shop\/wp-content\/uploads\/2026\/03\/z7641994315766_046528499ff1e67f5a500576a88a1e3f-1.jpg","width":736,"height":981},{"@type":"BreadcrumbList","@id":"https:\/\/shopthoitrang.azdigi.shop\/index.php\/product\/vay-xam-chiffon-xep-ly-nu-tinh\/#breadcrumb","itemListElement":[{"@type":"ListItem","position":1,"name":"Home","item":"https:\/\/shopthoitrang.azdigi.shop\/"},{"@type":"ListItem","position":2,"name":"Shop","item":"https:\/\/shopthoitrang.azdigi.shop\/index.php\/shop\/"},{"@type":"ListItem","position":3,"name":"V\u00e1y X\u00e1m Chiffon X\u1ebfp Ly N\u1eef T\u00ednh"}]},{"@type":"WebSite","@id":"https:\/\/shopthoitrang.azdigi.shop\/#website","url":"https:\/\/shopthoitrang.azdigi.shop\/","name":"Celeste","description":"Shop n\u00e0ng th\u01a1","potentialAction":[{"@type":"SearchAction","target":{"@type":"EntryPoint","urlTemplate":"https:\/\/shopthoitrang.azdigi.shop\/?s={search_term_string}"},"query-input":{"@type":"PropertyValueSpecification","valueRequired":true,"valueName":"search_term_string"}}],"inLanguage":"en-US"}]}},"jetpack_sharing_enabled":true,"_links":{"self":[{"href":"https:\/\/shopthoitrang.azdigi.shop\/index.php\/wp-json\/wp\/v2\/product\/258","targetHints":{"allow":["GET"]}}],"collection":[{"href":"https:\/\/shopthoitrang.azdigi.shop\/index.php\/wp-json\/wp\/v2\/product"}],"about":[{"href":"https:\/\/shopthoitrang.azdigi.shop\/index.php\/wp-json\/wp\/v2\/types\/product"}],"replies":[{"embeddable":true,"href":"https:\/\/shopthoitrang.azdigi.shop\/index.php\/wp-json\/wp\/v2\/comments?post=258"}],"wp:featuredmedia":[{"embeddable":true,"href":"https:\/\/shopthoitrang.azdigi.shop\/index.php\/wp-json\/wp\/v2\/media\/259"}],"wp:attachment":[{"href":"https:\/\/shopthoitrang.azdigi.shop\/index.php\/wp-json\/wp\/v2\/media?parent=258"}],"wp:term":[{"taxonomy":"product_brand","embeddable":true,"href":"https:\/\/shopthoitrang.azdigi.shop\/index.php\/wp-json\/wp\/v2\/product_brand?post=258"},{"taxonomy":"product_cat","embeddable":true,"href":"https:\/\/shopthoitrang.azdigi.shop\/index.php\/wp-json\/wp\/v2\/product_cat?post=258"},{"taxonomy":"product_tag","embeddable":true,"href":"https:\/\/shopthoitrang.azdigi.shop\/index.php\/wp-json\/wp\/v2\/product_tag?post=258"}],"curies":[{"name":"wp","href":"https:\/\/api.w.org\/{rel}","templated":true}]}}